 = -0*l - 5*l. Suppose 3*d - w = l, 3*w + 0*w + 63 = 5*d. List the prime factors of (-1 - -2)/3*d.
2
Let i = -13 + 18. Suppose 5*o = c - 13, o + 2*o + 43 = i*c. List the prime factors of c.
2
Let j(g) = 3*g**2 + 9*g + 3. What are the prime factors of j(-4)?
3, 5
Let t(u) = -8*u**2 - 5*u + 5. Let v(y) = -y + 1. Let b(d) = -t(d) + 4*v(d). List the prime factors of b(1).
2
Suppose 222 = 2*w + w. List the prime factors of w.
2, 37
Suppose -2*u - 3*k + 14 + 5 = 0, -5*u = -2*k. Suppose -d - o = 2*o - 3, 0 = -u*d + 2*o + 14. What are the prime factors of d?
2, 3
Let w(d) = -d**3 - 3*d**2 - d + 2. Let b be w(-2). Suppose b = -2*g + 2, -2*k + 10 = 2*g. Suppose 2*p = -2, k*x - 38 = p + p. List the prime factors of x.
3
List the prime factors of (25/5 + 0)*2.
2, 5
Let q be 1*7 - (1 + 1). Let o = 22 - 15. Suppose o = q*l - 4*l. List the prime factors of l.
7
Suppose -k + 0*v - v + 41 = 0, 0 = -3*v. List the prime factors of k.
41
Let z = -9 + 12. Suppose -z*v + 0*f + 2*f + 64 = 0, 0 = -5*v + 4*f + 106. List the prime factors of v.
2, 11
Suppose b - 14 = 24. Let g = -18 + b. What are the prime factors of g?
2, 5
Suppose 5*c + 0*u = u + 167, -5*u = 3*c - 89. List the prime factors of c.
3, 11
Let b be (-4)/3*27/3. Suppose 2*r = -3*r + 105. What are the prime factors of 2/(r/b + 2)?
2
Let x be 28/(-10) + 1/(-5). List the prime factors of 9*1 + x + 3.
3
Suppose 0 = 5*b - 10 - 0. Let j(h) = 5*h**2 - 4*h + 2. Let c be j(b). List the prime factors of (-2)/(-4) + c/4.
2
Suppose -311 - 62 = -5*p + 4*l, 0 = -3*p - 3*l + 240. What are the prime factors of p?
7, 11
Let a be (5 + -2)/3*-5. Let h = -1 - a. What are the prime factors of h?
2
Suppose r = 3*a + 47, -7*a + 3*a - 188 = -4*r. List the prime factors of r.
47
Suppose -4*j + 14 = -p, -6*p + 3*p = -6. List the prime factors of j.
2
Let j(b) = b**2 + b - 2. Let f be j(-2). Let i = f - -1. What are the prime factors of 16 - (2 + i + 0)?
13
Suppose 2*a = -3*m + 5, -2*a = -2*m + 22 - 2. Let r(t) = -4*t + 7. What are the prime factors of r(a)?
3
Let u(l) = l**3 - 3*l**2 + 4. Let j be u(3). Suppose -2*h = -5*d + 50, 0 = -d + 2*d - j. Let a = -7 - h. List the prime factors of a.
2
Let t be 1/(-2) - 3/6. Let d be t - -2 - (4 + -35). Suppose 4*s + 3*c - d = -0*c, 5*s - 21 = c. What are the prime factors of s?
5
Let i(j) = -j**3 + 10*j**2 + 2*j - 13. List the prime factors of i(9).
2, 43
Let q(f) = f**3 - 7*f**2 + 5*f - 5. Let u be q(6). Suppose 4*d - 6 = -22. Let z = d - u. List the prime factors of z.
7
Let x be -2 - (-3 + -22*1). List the prime factors of x/3 - 1/(-3).
2
Let i(d) = 13*d. Let m(b) = b**2 - b + 1. Let l be m(1). What are the prime factors of i(l)?
13
Let m(k) = -6*k - 29. Let g(h) = 5*h + 29. Let f(u) = 5*g(u) + 4*m(u). Let v be f(-12). Suppose -v = -0*x - x. What are the prime factors of x?
17
Let z(f) = 29*f + 27. List the prime factors of z(5).
2, 43
Suppose 4*g + g - 60 = -2*z, 3*z - 65 = -5*g. List the prime factors of g.
2, 5
Suppose 3*p = 2*r - 38, -5*r + 3*p + 117 = p. List the prime factors of r.
5
Suppose -2*l + 3*o - 4*o - 118 = 0, 2*o - 59 = l. Let q = -12 - l. What are the prime factors of q?
47
Let z(i) = i**2 + 11*i - 5. Let m be z(-5). Let f = -12 - m. List the prime factors of f.
23
Suppose -5*j = -2*c + 6, j - 5*c + 12 + 3 = 0. Let u = j - -17. List the prime factors of u.
17
Suppose 2*f = 4*f. Suppose -4*a - 3 - 1 = f. Let p = 4 - a. List the prime factors of p.
5
Let w be 3/(3 + 0)*3. Let v = 13 - w. Suppose 2*c + v = 3*c. List the prime factors of c.
2, 5
Suppose 0*b = 5*l - 4*b + 11, 0 = 3*l - 2*b + 5. Let w be 1/(-1) - (-4)/(-2). Let t = l - w. What are the prime factors of t?
2
Let t(i) = -i + 7. Let p be t(5). Let b = 16 + -1. Suppose l = -p*l + b. What are the prime factors of l?
5
Let m = -53 + -2. Let j = m + 80. Suppose z - j = -4*z. List the prime factors of z.
5
Let x = 5 + 6. Let n = x + 27. What are the prime factors of n?
2, 19
Let t(h) = -h + 29. List the prime factors of t(0).
29
Suppose 0*g + 12 = 4*g. Suppose 0 = -4*n + g*n - 8. List the prime factors of 132/n*(-2)/3.
11
Let t(d) = 1 - 14*d + 4 - 4. What are the prime factors of t(-2)?
29
Suppose d = -d. Suppose -3*a + 77 - 5 = d. List the prime factors of a.
2, 3
Let c(h) = 28*h + 1. Suppose 3*y = 3*d - y - 19, 13 = -3*d - 4*y. What are the prime factors of c(d)?
29
Let w = 3 + 0. Let p = w - 1. Suppose -5*c + p*m = -26, -c - 4*c + 3*m = -29. What are the prime factors of c?
2
Let h = 60 - 24. List the prime factors of h.
2, 3
Let z(q) = q**2 - 4*q + 4. Let v be z(6). Let k = -11 + v. Suppose m - 62 + 10 = -4*h, -2*h = k*m - 44. What are the prime factors of h?
2, 3
Let a = 78 + -12. List the prime factors of a.
2, 3, 11
Let o be 8 - (-4)/(2 - 4). Let i(h) = -h + 8. List the prime factors of i(o).
2
Let y(g) = 23*g**2 - 4*g**2 - g + 11*g**2 + 0*g. Let b be y(1). Suppose 2*d + 5*f + 5 - 30 = 0, f = 3*d - b. What are the prime factors of d?
2, 5
Let h(p) = p**2 + 5*p + 2. Let r be h(-5). Suppose -t = b - 5*t - 7, -31 = -3*b + r*t. What are the prime factors of b?
11
Suppose -14*o = -10*o. Suppose o = p - 5*p + 68. What are the prime factors of p?
17
Let l = 13 - 16. What are the prime factors of (50/l)/(2/(-3))?
5
Let j(c) = -4*c**3 + c**2 + c. Let v(h) = -h + 2. Let x be v(3). What are the prime factors of j(x)?
2
Let y = -5 - -4. What are the prime factors of y*(-45)/(-6)*-2?
3, 5
Suppose -4*t + 28 = -3*z, 6*t = 2*t + z + 20. Suppose -2*r + 20 = -t. List the prime factors of r.
2, 3
Let i(h) = 4*h - 3. Let p = -3 + 5. Let y be i(p). Suppose y*v = 71 - 6. What are the prime factors of v?
13
List the prime factors of (-1)/3 + (-102)/(-9).
11
Suppose 2*j = 5*s - 29, 5*j - 4*s + 15 = -3*s. List the prime factors of (15/j)/((-21)/28).
2, 5
Let y(l) be the first derivative of l**4/12 - l**3/6 - 2*l**2 - 2*l + 2. Let n(w) be the first derivative of y(w). List the prime factors of n(3).
2
Let j(z) = -z**2 + z + 16. Let q be j(0). Suppose -q = 3*f - 46. List the prime factors of f.
2, 5
Let d = -13 - -23. Let x = d + -8. What are the prime factors of (-1)/(2/(-40)) - x?
2, 3
Let t be ((-12)/(-8))/(2/(-8)). Suppose 0*z - 32 = 2*z. What are the prime factors of 9/3*z/t?
2
Let a(d) = d**2 + 2*d - 4. Let j be a(-4). Suppose j*t - 44 = -0*t. What are the prime factors of t?
11
Let i = 10 + -7. Let o be (2 - 3) + i - 1. What are the prime factors of -2 + 2/o - -8?
2
Let l(n) = -n**3 - 7*n**2 + n + 7. Let v be l(-7). Let o = v + 5. What are the prime factors of o?
5
Suppose -x = -z - 2 - 0, -z - 8 = -2*x. Suppose x*v = v + 20. What are the prime factors of v?
2
Let i(p) = 2*p**3 + 21*p**2 - 25*p - 10. List the prime factors of i(-11).
2, 3
Let o(f) = 3*f**2 + 6*f - 10. List the prime factors of o(-8).
2, 67
Let c(g) = 19*g**2 + 4*g - 4. What are the prime factors of c(3)?
179
Suppose -3*i - 5*k + 12 + 2 = 0, -3*i + 3*k = -54. Suppose -5*v = -i - 137. What are the prime factors of v?
2, 3, 5
Suppose -2*d + 38 = -0*d. What are the prime factors of d?
19
Suppose 4*x - 68 = 64. What are the prime factors of x?
3, 11
Let q = 31 - -4. What are the prime factors of q?
5, 7
Suppose 28 = 5*o + 8. Let p = o - 6. List the prime factors of -3*(-2 - p - 1).
3
Suppose 0 = k + 5*a + 21 - 1, 0 = -2*k - 4*a - 16. Suppose k = -2*c + 25 + 1. List the prime factors of c.
13
Let t = 133 + 154. What are the prime factors of t?
7, 41
Suppose -3*h - 4*g = -715, h + 951 = 5*h + 3*g. What are the prime factors of h?
3, 79
Suppose 0 = -2*m + 5*m - 63. Suppose 5*p = m + 24. List the prime factors of p.
3
Suppose 5*y - 213 = -4*i, -4*i - 4*y - 55 = -271. Let s be -1*1*1*-5. Suppose 3*r + i = s*l, -l = 2*r - 2 - 12. What are the prime factors of l?
2, 3
Suppose -2*d + 6 = -d. Let g = 19 - d. What are the prime factors of g?
13
Suppose -4*h + 2*c = 7*c - 611, 0 = 5*c + 5. List the prime factors of h.
2, 7, 11
Let v = -23 + 43. What are the prime factors of v?
2, 5
Suppose -22*g - 242 = -616. List the prime factors of g.
17
Suppose 5*u + 3*h + h - 463 = 0, -4*u + 5*h + 354 = 0. List the prime factors of u.
7, 13
Suppose -70 = 3*s + 5*c - 5, 0 = 3*c + 3. Let b(l) = l**3 - 7*l**2 + 2*l - 9. Let p be b(7). What are the prime factors of (p/2)/((-5)/s)?
2, 5
Let n(l) be the first derivative of 0*l**2 - 1 + l**2 + 4*l**2. List the prime factors of n(1).
2, 5
Let n